t v = 109 - -45. List the prime factors of v.
2, 7, 11
Let v(k) = -k - 2. Let o be v(-7). Suppose r - o*x - 65 = -4*r, 2*r = -4*x - 4. Let i = r + -3. List the prime factors of i.
5
Suppose 2 = a - 0. What are the prime factors of a?
2
Let g(k) = 2*k**2 + 2. Let j be g(-2). Suppose j = -a + 31. List the prime factors of a.
3, 7
Let r be (2/3*6)/1. Suppose -w + 4*h = -16, -w - 6*h = -r*h + 2. List the prime factors of w.
2
Let a(c) = 6*c + 1. Let f(s) = 19*s + 4. Let j(r) = -9*r - 2. Let g(v) = 4*f(v) + 7*j(v). Let u(l) = -5*a(l) + 2*g(l). What are the prime factors of u(-1)?
3
Let u = 11 + -7. Suppose u*n - 100 = -16. What are the prime factors of n?
3, 7
Let d(q) = -q**2 + 37*q + 5. List the prime factors of d(17).
3, 5, 23
Suppose 0 = -5*g + 148 + 207. What are the prime factors of g?
71
Let m(a) = -a**2 - 5*a + 8. Let q be m(-6). Suppose 0 = -3*x - 3, 2*n - q*x = -x + 13. What are the prime factors of n?
2, 3
Suppose 5*o - 274 = -84. List the prime factors of o.
2, 19
Let t be (-146)/(-2)*(-3 + 4). Suppose -3*d + d = -5*z - t, -d + z + 35 = 0. Let w = d + -22. What are the prime factors of w?
2, 3
Let t = 88 - 46. What are the prime factors of t?
2, 3, 7
Let w be 37 - 5/((-15)/(-12)). Suppose -27*k - w = -28*k. What are the prime factors of k?
3, 11
Suppose s - 3*o = -2*o + 51, 0 = 3*o - 15. List the prime factors of s.
2, 7
Suppose 5*o - 14 = 2*a + 11, 4*o + 4*a = 48. Suppose 7*g = 4*c + 4*g - o, 3*c - 9 = g. What are the prime factors of c?
2
Let x(d) = -19*d + 3. List the prime factors of x(-1).
2, 11
Suppose -g - s = -6, -3*s = 5*g - 8*s - 40. List the prime factors of g.
7
Let k(g) = 4*g**2 + 4 - 3*g**2 - 2*g**2 - g**3. List the prime factors of k(-3).
2, 11
Let l = 540 - 310. List the prime factors of l.
2, 5, 23
Let h(p) = p - 4. Let b be h(7). Suppose -2*o - b*q = -38, -2*o + 3*o - 33 = -5*q. What are the prime factors of o?
13
Suppose -53*j = -55*j + 518. What are the prime factors of j?
7, 37
Let b(u) = -u - 3. Let h be b(-7). Suppose 0 = 4*i - 4*d - 24, h*i - 5*d - 36 = -9. What are the prime factors of i?
3
Suppose -4*m - m + 145 = r, -2*r - 74 = -3*m. What are the prime factors of m?
2, 7
Suppose -3*x + 56 = -x. What are the prime factors of x?
2, 7
List the prime factors of (44 - -2) + 0 + 1.
47
Let x = -9 - -9. Suppose x + 25 = 5*i. What are the prime factors of i?
5
Suppose 0 = -0*t - 3*t + 129. List the prime factors of t.
43
Suppose 3*g - 6 = 2*g. Let p = g - 1. What are the prime factors of p?
5
Let w be 6/21 + 4/(-14). Let t be (-6 - w)*4/(-6). Suppose t*x = -3*g + 5, -g = 2 - 1. List the prime factors of x.
2
Let r = 30 - 8. List the prime factors of r.
2, 11
Let o be 4/14 + (-328)/(-28). Let s be (-1)/(-4) - (-285)/o. Let r = s - 11. What are the prime factors of r?
13
Let o be 518/(-35) + 1/(-5). What are the prime factors of -1 - -2 - (7 + o)?
3
Let h be 12/(-4)*1 - 18. Suppose -4*y + 2*m = -136, -3*y = -4*y - 5*m + 12. Let w = h + y. List the prime factors of w.
11
What are the prime factors of (-513)/(-6) - (1 + 2/(-4))?
5, 17
Suppose -5*d - 48 = -258. List the prime factors of d.
2, 3, 7
Suppose -54 = -0*k - k. Suppose 0 = 3*d - k. List the prime factors of d.
2, 3
Suppose 0 = -2*t - 2*s + 816, 5*t - 7*s = -2*s + 2080. What are the prime factors of t?
2, 103
Let v(b) = b**3 - 3*b**2 - b - 2. Let q be v(3). Suppose o = m - 14, -3 = -2*m - 3*o + 20. Let x = q + m. What are the prime factors of x?
2
Suppose 7*f - 114 = 5*f. What are the prime factors of f?
3, 19
Let j(m) = -m**2 - 7*m + 5. Let x(g) = -g**2 - g + 1. Let y be x(-3). What are the prime factors of j(y)?
3, 5
Let q(i) = -i. Let y be q(-2). Suppose 7 = -c + 4*t, c - 1 - y = 2*t. Let x = -6 + c. What are the prime factors of x?
7
Let m(u) = 2*u**2 + 4*u + 7. Let i be m(-5). Let x = 70 - i. What are the prime factors of x?
3, 11
Suppose 0 = 12*c - 10*c - 300. What are the prime factors of c?
2, 3, 5
Let x(c) be the second derivative of -c**5/20 + 2*c**4/3 + 2*c. Let p be x(8). Suppose p = i - 1 - 2. List the prime factors of i.
3
Suppose 11*i = 7*i + 92. List the prime factors of i.
23
Let h(f) = f + 8. Let q be h(-6). Suppose 0 = -m + y + 2*y, 0 = -m - q*y + 5. List the prime factors of m.
3
Suppose 2*p + 3*q + 12 = 0, -5*p + 3*q = 8*q + 25. What are the prime factors of (3 + 0 - 4)*p?
3
Let u = 129 + 14. Suppose u = 5*k + j, 3*k = -2*k + 2*j + 149. List the prime factors of k.
29
Suppose 5*v - 24 = 2*d, d = 3*d - 3*v + 28. Let b = d - -29. What are the prime factors of b?
2, 3
Let k(f) = -f**3 + 12. Let c(h) = -1. Let u(d) = -5*c(d) + k(d). Suppose -4*g - 8 = -8. What are the prime factors of u(g)?
17
Suppose 0 = -3*r + 2*r - 4*m + 44, -r - m + 41 = 0. What are the prime factors of r?
2, 5
Let l(m) = m + 8. Let i be l(-6). Let d(z) = -34*z**3 + z. Let q be d(1). List the prime factors of q/2*i/(-3).
11
Suppose 5*x + g = 2 + 17, x - 4*g = 8. Suppose x*f + 5 = 25. Suppose 0 = -f*c + 43 + 17. What are the prime factors of c?
2, 3
Let z(j) = -3*j - 4. Let d(q) = q + 5. Let k be d(-8). Let a be z(k). Let b = a + 0. What are the prime factors of b?
5
Suppose -3*x = x - 8. What are the prime factors of (-402)/(-33) - x/11?
2, 3
Suppose -2*w = 3*p - 28 - 236, 5*p + w - 447 = 0. What are the prime factors of p?
2, 3, 5
Suppose 0 = -4*p + 4*y + y + 209, -148 = -3*p - 5*y. Suppose h - 6 = -i, 0*h = -5*i + 2*h + p. What are the prime factors of i?
3
Suppose 2*z = -2*k + 10, 8 = 2*k + 2*k. What are the prime factors of 7 + ((-6)/z)/2?
2, 3
Let f(g) = 5*g + 0 - g**2 + 4*g**2 - 1 - g**3. Let p be f(4). Suppose 5*q - 45 = -5*v, -5*q - 4*v + p = -4*q. What are the prime factors of q?
11
Let k = 135 + -82. List the prime factors of k.
53
Suppose 3680 = -4*z + 14*z. List the prime factors of z.
2, 23
What are the prime factors of (-4 - -46) + (-6)/2?
3, 13
Let u(g) = g**3 + 5*g**2 + 2. Let z be u(-5). List the prime factors of ((-2)/z)/(3/(-42)).
2, 7
Let w(n) = -n**3 - 6*n**2 - 7*n - 7. Let b be w(-5). Suppose 28 = -z + b*z. List the prime factors of z.
2, 7
Let o = 21 + -19. Suppose -2*c - 2*c = 0. Suppose 33 = 5*y - i, c*y = 2*y + o*i - 6. What are the prime factors of y?
2, 3
Suppose -t + 6*t = 0. Suppose t*p + 48 = 4*p. What are the prime factors of p?
2, 3
Suppose 2*b - 5*q - 16 = -q, -q + 1 = 0. List the prime factors of (304/(-20))/((-4)/b).
2, 19
Let m(c) = c**3 + 4*c**2 + 3*c + 2. Let r be m(-3). Let w(j) = -j**r + 3 + 3*j + 2 + 2*j**2. List the prime factors of w(-4).
3
List the prime factors of (-3*(5 + -4))/((-3)/124).
2, 31
Let z(h) = h**3 - 9*h**2 - 7*h + 14. List the prime factors of z(10).
2, 11
Let m(v) = v + 4. Let p be m(-6). Let o be p/7 - (-1072)/28. Let k = o + -26. List the prime factors of k.
2, 3
Let c(n) = -n**2 - 1. Let z(b) = -4*b**2 + 4*b - 2. Let s(g) = -5*c(g) + z(g). Let m be s(-3). What are the prime factors of m - ((-2)/1 - 17)?
19
Let u(l) = -l**3 - 6*l**2 - 6*l. Let a be u(-4). Let z = a + 18. List the prime factors of z.
2, 5
Let c be (-194)/22 - (-4)/(-22). What are the prime factors of c*5/((-20)/24)?
2, 3
Suppose -3*u + 5*u - 12 = 0. What are the prime factors of u?
2, 3
Suppose -5*s + 5 = 5*p, p - 5 = 3*s + 4. List the prime factors of (8/10)/(s/(-5)).
2
What are the prime factors of (11 - -143)*1/2?
7, 11
Let q = 7 + 17. List the prime factors of q.
2, 3
Suppose -36 = 5*m - 3*f, 5*m = -2*f + 4*f - 34. Let a = -5 - m. List the prime factors of (-3)/(((-3)/10)/a).
2, 5
Let u(r) = 2*r + 0*r - 5 - 3*r**2 - 8*r + 2*r**2. List the prime factors of u(-4).
3
Let i(q) be the third derivative of q**4/24 + 2*q**3 + 2*q**2. What are the prime factors of i(0)?
2, 3
Let q(a) = -a**2 + 8*a + 5. Let y(u) = 4 + 0*u - 5*u**3 + 4*u**2 + 4*u**3 - 5*u + 3*u. Let r be y(3). What are the prime factors of q(r)?
2, 3
Suppose r - 3*r - 23 = 3*s, 37 = -5*s - 3*r. Let n(c) = c + 7. What are the prime factors of n(s)?
2
Let s(h) = h**3 - 4*h**2 - 10*h + 7. Let o be 6 + (2 + -2)/(-3). List the prime factors of s(o).
19
Suppose 284 = 2*v + i, 5*v + 4*i = 161 + 543. What are the prime factors of v?
2, 3
Suppose -3*l - 15 = 0, -3*l - 9 - 6 = -5*b. Let c(k) = k**3 - k**2 + 22. Let q be c(b). Suppose 3*j = j + q. What are the prime factors of j?
11
Suppose -12 + 0 = -2*l + d, 0 = -4*d - 16. Suppose -t + 0*t = l, 0 = 3*g + t + 10. List the prime factors of 1 + g 